 4239/(-12) - (-2)/8. What is the tens digit of -16 + 20 - (-1 + d)?
5
Let s be -4737*(-3)/9*2. Suppose -2*d = -3*x - 3783, 2*d + 4*x = s + 646. What is the tens digit of d?
9
Let n be (6/4 - -1)*6648/1385. What is the hundreds digit of (-6496)/n*(5 - 8)?
6
Let h be (-81 - -81) + (244 - 0). Let o = 1117 - h. What is the units digit of o?
3
Let p(i) = -7175*i + 452. What is the tens digit of p(-3)?
7
Let s = 43996 + -29773. What is the units digit of s?
3
Let n(h) = -h**3 + 7*h**2 + 19*h - 7. Let t be n(9). What is the tens digit of (1 - (6 - 404/t))*4?
8
What is the hundreds digit of (1669 - (2 + 14)) + (-7 - 1)?
6
Let h = 32 - 30. Let t be 2*h/(-6)*-3 - 0. What is the tens digit of (-1908)/(-16) + t/(-8)?
1
Suppose -w - 2*w - 48 = 0. Let v be 4/((-16)/4)*-44. Let b = v + w. What is the tens digit of b?
2
Let u(m) = m**2. Let d be u(6). Let t = d - 30. Suppose -7*w + t*w + 64 = 0. What is the tens digit of w?
6
Let b(u) = -2*u**3 + 145*u**2 - 160*u + 141. What is the hundreds digit of b(71)?
9
Suppose s = -4*y + 82203, 6*y + 14*s - 123322 = 10*s. What is the hundreds digit of y?
5
Suppose -6*t = 24 + 18. Let q be (120/(-70))/(2/t). Suppose q*j = 4*j + 214. What is the tens digit of j?
0
Let s = 4974 - -622. What is the tens digit of s?
9
Let a = -97 + 101. Suppose -5*l + 912 = -2*z - 1096, l - a*z = 398. What is the tens digit of l?
0
Suppose -147040 = -146*x + 126418. What is the tens digit of x?
7
Suppose 5*q - 9*q + 1960 = 0. Let b = -156 + q. What is the units digit of b?
4
Let r = -689 - -704. Suppose r*z - 4221 = 14664. What is the units digit of z?
9
Let o be (-129)/(-30) + (-27)/90. What is the tens digit of ((-136)/20)/(o/(-40))?
6
Suppose 0 = 3*x + 4*k - 26421 + 4100, 0 = k + 5. What is the units digit of x?
7
Let y(u) be the first derivative of -18*u**2 - 290*u + 86. What is the tens digit of y(-50)?
1
What is the units digit of (6964/(-8))/(13/936*-4)?
9
Suppose -44*i - 198438 = 20*i - 1325222. What is the thousands digit of i?
7
Suppose 8 = -2*s, 0*s = -w + 5*s + 176. Suppose w = 2*x - 202. Suppose v - x = -0*g - 2*g, g + 3*v = 97. What is the tens digit of g?
8
Let l(y) = -6*y + 3. Let m(a) = 4*a - 2. Let b(z) = 5*l(z) + 8*m(z). Let t be b(2). Suppose -w - 44 = -2*k, k - 1 = t*w + 26. What is the units digit of k?
1
Suppose -38*p = -36*p - 36. What is the hundreds digit of (-6)/27 - (-2578)/p?
1
Let o = 2524 + 1300. What is the thousands digit of o?
3
Let u(r) = -515*r - 176. Let p be u(-16). What is the units digit of -3 + 1 + -3 - p/(-7)?
7
Let o(f) = 82*f**2 - 9*f + 8. What is the tens digit of o(-3)?
7
Let k(o) = o**3 + 57*o**2 + 106*o - 84. Let n be k(-55). What is the hundreds digit of 15170/18 + 4 + n/(-36)?
8
Let c(o) = -o**3 - 6*o**2 - 11*o - 7. Suppose -3*w - 41 = 2*w - x, 5*w + 37 = -3*x. What is the hundreds digit of c(w)?
2
Let v = 125 - 149. What is the units digit of (v/(-36))/(2/957)?
9
Let x = 70827 + -21371. What is the hundreds digit of x?
4
Let c(n) = n + 16. Let o(x) = -x**3 - 16*x**2 - 18*x - 33. Let i be o(-15). Let v be c(i). Let p = 102 + v. What is the tens digit of p?
3
Let l be (-4 + 4)/(-5) - -41. Suppose -l*b = -34*b - 8386. What is the units digit of b?
8
Suppose 17*l - 19*l - 2*d - 2 = 0, 14 = -5*l - 2*d. What is the units digit of 27/(-24)*l*(-136)/(-4)?
3
Suppose -r - 164 = -3*r + 4*u, 358 = 5*r + 3*u. Suppose -r*o = -70*o - 344. What is the units digit of o?
6
Suppose -35 + 45 = 5*h. Suppose -4*c - 597 = 3*l + 659, -628 = h*c + 3*l. What is the units digit of (-18)/(-12) + -2*c/8?
0
Let a = -298 - -481. Let u = a - -64. What is the hundreds digit of u?
2
Let w(g) = -3*g + 17. Let f be w(5). Suppose 4*d - 4*a + 8 = 0, 2*d - 2 = -3*d + f*a. Let o(t) = 5*t**3 + 2*t**2 + t - 1. What is the units digit of o(d)?
9
Suppose 5*u - 24347 = 4798. What is the units digit of u?
9
Let z(x) = 34*x - 10. Let i(c) = 34*c - 9. Let l(v) = -5*i(v) + 4*z(v). Let d be l(2). What is the units digit of (-14)/d - 160/(-9)?
8
Suppose 0 = 2*n - 12, -75049 = 10*b - 17*b + 2*n. What is the units digit of b?
3
Suppose -6 + 2 = -4*w. Let p(x) = 44*x**2 + 2*x - 1. What is the tens digit of p(w)?
4
Let f = 56 - 69. Suppose -4*a + 206 + 94 = 0. Let j = a + f. What is the units digit of j?
2
Suppose -2*h = c - 3066, 4*c = 7*c - 2*h - 9246. What is the hundreds digit of c?
0
Suppose -68 = 5*s - i, -5*s = -4*s + 4*i + 22. What is the tens digit of s/(112/24)*(-1678)/6?
3
Suppose -c + 3 = 0, 5*c + 105052 = 4*y + 9*c. What is the hundreds digit of (y/30 - 10)*(-3)/(-2)?
2
Let j = -97986 - -157447. What is the thousands digit of j?
9
Let g(u) = 24*u**2 - 72*u - 931. What is the ten thousands digit of g(45)?
4
Let u(w) = -w**3 + 11*w**2 - 17*w - 6. Let q be 12 - ((-3 - -1) + 5). Let x be u(q). What is the tens digit of 10*(x - (-4)/4)?
4
Suppose -102*w + 77*w + 205175 = 0. What is the tens digit of w?
0
Let r(t) = 9619*t - 1113. What is the units digit of r(3)?
4
Suppose -23*b = -28*b + 10. Suppose -2544 = -5*i - x, 3*x = -b*i + 776 + 239. What is the hundreds digit of i?
5
Suppose -1345 = 12*p - 17*p. What is the tens digit of (-1 - p)/(-2*4/12)?
0
Suppose 32 = -5*u + 3*o, 5*o = -4*u + 2 + 2. Let c be (-1 - u)/((-1)/2). Let q(a) = -a**3 - 5*a**2 + 7. What is the units digit of q(c)?
3
Let z(q) = q**3 + 2*q**2 - 3*q - 3. Let l be z(-6). Suppose -3*k + 0*k = a - 654, 4*k = 5*a + 872. Let r = l + k. What is the tens digit of r?
8
Let b(y) be the third derivative of 43*y**4/6 - 32*y**3/3 + 64*y**2. What is the units digit of b(4)?
4
Suppose -26 = 3*d - 4*o, -d + 9 = 2*o + 1. Let g be (d/(-4) + 3)*48/14. What is the hundreds digit of 2216/g - (-3)/9?
1
Suppose -4*w = -3*z + 73875, 42*z - 4*w + 49250 = 44*z. What is the units digit of z?
5
Suppose -8*r + 2448 + 3096 = 0. What is the tens digit of (r/84)/(6/160)?
2
Suppose 6 = 3*k - 3. Let l be (-6305)/(-13) + -1 + k. Suppose 0 = h - 4*a - 130, -5*a = -3*h - h + l. What is the hundreds digit of h?
1
Suppose -36 - 64 = -20*t. Suppose 7*r + m = 9*r - 318, t*m + 642 = 4*r. What is the hundreds digit of r?
1
Let b = 18633 + -4090. What is the ten thousands digit of b?
1
Let w(r) = 13*r**2 + 66*r + 6233. What is the units digit of w(-59)?
2
Suppose -4*c + 6*f - 7*f = -19731, 2*c = 2*f + 9858. Suppose 201*h = 197*h + c. What is the hundreds digit of h?
2
Let o(u) = 8*u**2 + 14*u + 278. What is the units digit of o(-14)?
0
Let b = 38 + -39. Let q = 5 - b. What is the tens digit of (-216)/9*(-21)/q?
8
Let j be (-10)/4*(-39)/((-195)/(-14)). Let w = 3 + 2. Suppose 0 = -g + n + 132, -w*n - 388 = j*g - 10*g. What is the hundreds digit of g?
1
Let r(t) = -633*t - 181. What is the units digit of r(-17)?
0
Suppose -3*i + 224 - 9 = -4*u, -4*i + 5*u = -288. Let t(m) = -2*m + 84. Let v be t(63). Let y = i + v. What is the units digit of y?
5
Let a(l) be the second derivative of -l**5/20 + 3*l**4/2 + 11*l**3/2 - 10*l**2 - 111*l. What is the tens digit of a(18)?
7
Suppose -89*h + 35 = -84*h. Suppose h*u - 319 - 304 = 0. What is the tens digit of u*4*((-1)/2)/(-1)?
7
Let z(k) = -k**2 - 16*k + 17. Let i be z(-17). Suppose -3*d - 29 + 83 = i. Suppose -5*w + d = -547. What is the hundreds digit of w?
1
Let q(n) = -n + 25. Let j(m) = -m**3 - 7*m**2 + 2*m + 5. Let c be j(-6). Let w = c + 60. What is the units digit of q(w)?
8
Let w be (124/3)/(16/72). Suppose -3*l + 4 = -5*q, 0 + 3 = 3*q. Suppose l*k - k = w. What is the units digit of k?
3
Let k(b) = -5*b**2 - 4*b - 2. Let x be k(-2). Let j = 1116 - 1124. What is the units digit of 320/(-8)*x/j*-2?
0
What is the thousands digit of 16366/7 - (24 + -20)?
2
Let v = 8029 + -1687. What is the hundreds digit of v?
3
Suppose 0 = -5*i - 20, -2973 = -s + 5*i + 377. What is the thousands digit of s?
3
Let a = 916 - 904. What is the tens digit of (-18)/a + 1851/2?
2
Let l = -25 - -34. Suppose 0 = -l*h - 100 + 1873. Let u = h - 106. What is the tens digit of u?
9
What is the thousands digit of (-3)/4*(-492504)/18 - (5 - 1)?
0
Suppose 3*t - 85 + 34 = 0. Suppose -552 = -19*v + t*v. What is the hundreds digit of v?
2
Let t(f) = -54*f + 1. Let s(q) = -272*q + 4. Let k(z) = 2*s(z) - 11*t(z). What is the units digit of k(6)?
7
Let w = -561 + 561. Suppose -12*z + 8179 + 2525 = w. What is the tens digit of z?
9
Suppose -4*b + 8 = 4*q, 0 = 6*q - q. Let i(j) = -32*j**3 + j**2 + 2*j 